ctors of 1432?
2, 179
What are the prime factors of 2327?
13, 179
What are the prime factors of 1730?
2, 5, 173
What are the prime factors of 3592?
2, 449
What are the prime factors of 11502?
2, 3, 71
List the prime factors of 1994.
2, 997
What are the prime factors of 163085?
5, 13, 193
What are the prime factors of 4133?
4133
What are the prime factors of 721?
7, 103
List the prime factors of 16193.
16193
What are the prime factors of 24827?
11, 37, 61
List the prime factors of 1377.
3, 17
What are the prime factors of 2802?
2, 3, 467
What are the prime factors of 75406?
2, 37, 1019
What are the prime factors of 3003?
3, 7, 11, 13
List the prime factors of 5224.
2, 653
What are the prime factors of 52460?
2, 5, 43, 61
What are the prime factors of 2525?
5, 101
What are the prime factors of 5436?
2, 3, 151
What are the prime factors of 5145?
3, 5, 7
List the prime factors of 1390.
2, 5, 139
What are the prime factors of 978?
2, 3, 163
What are the prime factors of 111036?
2, 3, 19, 487
What are the prime factors of 458?
2, 229
List the prime factors of 4660.
2, 5, 233
What are the prime factors of 48645?
3, 5, 23, 47
What are the prime factors of 4168?
2, 521
List the prime factors of 1121.
19, 59
What are the prime factors of 1205?
5, 241
List the prime factors of 1541.
23, 67
List the prime factors of 115.
5, 23
What are the prime factors of 719?
719
What are the prime factors of 996?
2, 3, 83
What are the prime factors of 458?
2, 229
List the prime factors of 152058.
2, 3, 25343
List the prime factors of 5576.
2, 17, 41
What are the prime factors of 194770?
2, 5, 19477
What are the prime factors of 1851?
3, 617
What are the prime factors of 4627?
7, 661
List the prime factors of 2455.
5, 491
List the prime factors of 5956.
2, 1489
List the prime factors of 390.
2, 3, 5, 13
What are the prime factors of 11760?
2, 3, 5, 7
What are the prime factors of 103?
103
List the prime factors of 671.
11, 61
List the prime factors of 3458.
2, 7, 13, 19
What are the prime factors of 7739?
71, 109
List the prime factors of 6571.
6571
List the prime factors of 95363.
47, 2029
What are the prime factors of 23878?
2, 11939
What are the prime factors of 424?
2, 53
What are the prime factors of 22972?
2, 5743
List the prime factors of 945.
3, 5, 7
List the prime factors of 14441.
7, 2063
List the prime factors of 575.
5, 23
What are the prime factors of 3874?
2, 13, 149
What are the prime factors of 323?
17, 19
What are the prime factors of 785?
5, 157
List the prime factors of 7974.
2, 3, 443
List the prime factors of 938.
2, 7, 67
What are the prime factors of 4195?
5, 839
What are the prime factors of 13606?
2, 6803
What are the prime factors of 893?
19, 47
List the prime factors of 286.
2, 11, 13
List the prime factors of 561.
3, 11, 17
List the prime factors of 27005.
5, 11, 491
What are the prime factors of 134?
2, 67
What are the prime factors of 2381?
2381
What are the prime factors of 77400?
2, 3, 5, 43
What are the prime factors of 617?
617
List the prime factors of 2780.
2, 5, 139
What are the prime factors of 1583?
1583
What are the prime factors of 37521?
3, 11, 379
List the prime factors of 1909.
23, 83
List the prime factors of 7730.
2, 5, 773
List the prime factors of 1273.
19, 67
What are the prime factors of 1144?
2, 11, 13
List the prime factors of 11642.
2, 5821
What are the prime factors of 5788?
2, 1447
List the prime factors of 521.
521
What are the prime factors of 707?
7, 101
List the prime factors of 48692.
2, 7, 37, 47
What are the prime factors of 637?
7, 13
List the prime factors of 2554.
2, 1277
What are the prime factors of 868?
2, 7, 31
What are the prime factors of 98169?
3, 43, 761
What are the prime factors of 852?
2, 3, 71
What are the prime factors of 606?
2, 3, 101
What are the prime factors of 11772?
2, 3, 109
List the prime factors of 42960.
2, 3, 5, 179
What are the prime factors of 473?
11, 43
List the prime factors of 313.
313
List the prime factors of 9307.
41, 227
List the prime factors of 414.
2, 3, 23
What are the prime factors of 7806?
2, 3, 1301
What are the prime factors of 20642?
2, 10321
What are the prime factors of 3687?
3, 1229
What are the prime factors of 15530?
2, 5, 1553
What are the prime factors of 15552?
2, 3
What are the prime factors of 552?
2, 3, 23
List the prime factors of 21366.
2, 3, 1187
List the prime factors of 1139.
17, 67
List the prime factors of 1547.
7, 13, 17
What are the prime factors of 72?
2, 3
List the prime factors of 2582.
2, 1291
What are the prime factors of 1655?
5, 331
List the prime factors of 73727.
73727
What are the prime factors of 1293?
3, 431
What are the prime factors of 4068?
2, 3, 113
What are the prime factors of 648?
2, 3
List the prime factors of 7580.
2, 5, 379
What are the prime factors of 25712?
2, 1607
List the prime factors of 81.
3
What are the prime factors of 103128?
2, 3, 4297
List the prime factors of 9653.
7, 197
List the prime factors of 2893.
11, 263
What are the prime factors of 1493?
1493
List the prime factors of 171.
3, 19
What are the prime factors of 27764?
2, 11, 631
List the prime factors of 898.
2, 449
List the prime factors of 2416.
2, 151
What are the prime factors of 928?
2, 29
List the prime factors of 3314.
2, 1657
What are the prime factors of 682?
2, 11, 31
List the prime factors of 11580.
2, 3, 5, 193
What are the prime factors of 734?
2, 367
What are the prime factors of 579?
3, 193
List the prime factors of 6151.
6151
What are the prime factors of 45?
3, 5
What are the prime factors of 7081?
73, 97
What are the prime factors of 2434?
2, 1217
What are the prime factors of 6199?
6199
List the prime factors of 640.
2, 5
List the prime factors of 1133.
11, 103
What are the prime factors of 13994?
2, 6997
List the prime factors of 21879.
3, 11, 13, 17
List the prime factors of 4616.
2, 577
List the prime factors of 74.
2, 37
List the prime factors of 1736.
2, 7, 31
List the prime factors of 8632.
2, 13, 83
List the prime factors of 6981.
3, 13, 179
What are the prime factors of 259?
7, 37
What are the prime factors of 1841?
7, 263
List the prime factors of 84.
2, 3, 7
List the prime factors of 25177.
17, 1481
What are the prime factors of 175942?
2, 13, 67, 101
What are the prime factors of 83192?
2, 10399
What are the prime factors of 10744?
2, 17, 79
What are the prime factors of 1214?
2, 607
What are the prime factors of 1775?
5, 71
What are the prime factors of 427?
7, 61
List the prime factors of 95683.
7, 13669
List the prime factors of 43932.
2, 3, 7, 523
What are the prime factors of 45682?
2, 7, 13, 251
List the prime factors of 26990.
2, 5, 2699
List the prime factors of 7975.
5, 11, 29
What are the prime factors of 5424?
2, 3, 113
List the prime factors of 7350.
2, 3, 5, 7
What are the prime factors of 4248?
2, 3, 59
List the prime factors of 8172.
2, 3, 227
What are the prime factors of 19537?
7, 2791
List the prime factors of 4402.
2, 31, 71
What are the prime factors of 103367?
11, 9397
What are the prime factors of 104?
2, 13
List the prime factors of 1982.
2, 991
List the prime factors of 570.
2, 3, 5, 19
What are the prime factors of 13428?
2, 3, 373
List the prime factors of 9638.
2, 61, 79
List the prime factors of 18369.
3, 13, 157
What are the prime factors of 4149?
3, 461
What are the prime factors of 2362?
2, 1181
What are the prime factors of 122948?
2, 7, 4391
List the prime factors of 23282.
2, 7, 1663
What are the prime factors of 8532?
2, 3, 79
What are the prime factors of 51077?
13, 3929
What are the prime factors of 942?
2, 3, 157
List the prime factors of 2487.
3, 829
What are the prime factors of 7282?
2, 11, 331
What are the prime factors of 111?
3, 37
List the prime factors of 22249.
19, 1171
List the prime factors of 50682.
2, 3, 8447
What are the prime factors of 7118?
2, 3559
What are the prime factors of 8433?
3, 937
List the prime factors of 4682.
2, 2341
List the prime factors of 3985.
5, 797
List the prime factors of 8275.
5, 331
List the prime factors of 21516.
2, 3, 11, 163
List the prime factors of 5312.
2, 83
List the prime factors of 6806.
2, 41, 83
What are the prime factors of 1026?
2, 3, 19
What are the prime factors of 530?
2, 5, 53
What are the prime factors of 2410?
2, 5, 241
